{"id":313,"date":"2023-03-16T01:54:38","date_gmt":"2023-03-16T00:54:38","guid":{"rendered":"https:\/\/www.leptitbain.org\/?page_id=313"},"modified":"2023-03-17T16:03:19","modified_gmt":"2023-03-17T15:03:19","slug":"conditions-generales-dutilisation","status":"publish","type":"page","link":"https:\/\/www.leptitbain.org\/?page_id=313","title":{"rendered":"Conditions g\u00e9n\u00e9rales d&rsquo;utilisation"},"content":{"rendered":"\n<h6 class=\"has-custom-bleu-color has-text-color wp-block-heading\">1. Objet et champ d&rsquo;application<\/h6>\n\n\n\n<p class=\"has-custom-bleu-color has-text-color\">Les conditions g\u00e9n\u00e9rales d&rsquo;utilisation du projet Le P&rsquo;tit Bain ont pour objectif l&rsquo;encadrement juridique des modalit\u00e9s de mise \u00e0 disposition de son site et de ces services ainsi que la d\u00e9finition des conditions d&rsquo;acc\u00e8s et d&rsquo;utilisation des services par \u00ab\u00a0l&rsquo;Utilisateur\u00a0\u00bb.<\/p>\n\n\n\n<div style=\"height:10px\" aria-hidden=\"true\" class=\"wp-block-spacer\"><\/div>\n\n\n\n<h6 class=\"has-custom-bleu-color has-text-color wp-block-heading\">2. Acc\u00e8s au site <\/h6>\n\n\n\n<p class=\"has-custom-bleu-color has-text-color\">Le site Le P&rsquo;tit Bain permet \u00e0 l&rsquo;Utilisateur un acc\u00e8s gratuit aux services suivants :<\/p>\n\n\n\n<ul class=\"has-custom-bleu-color has-text-color wp-block-list\">\n<li>La pr\u00e9sentation globale du projet<\/li>\n\n\n\n<li>Les pr\u00e9sentations de nos associations partenaires et de leurs immersions<\/li>\n\n\n\n<li>Des formulaires d&rsquo;inscriptions aux immersions propos\u00e9es<\/li>\n<\/ul>\n\n\n\n<p class=\"has-custom-bleu-color has-text-color\">Le site est accessible gratuitement \u00e0 tout Utilisateur ayant un acc\u00e8s \u00e0 Internet. <\/p>\n\n\n\n<p class=\"has-custom-bleu-color has-text-color\">Tous les frais support\u00e9s par l&rsquo;Utilisateur pour acc\u00e9der au service (mat\u00e9riel informatique, logiciels, connexion Internet, etc.) sont \u00e0 sa charge.<\/p>\n\n\n\n<div style=\"height:10px\" aria-hidden=\"true\" class=\"wp-block-spacer\"><\/div>\n\n\n\n<h6 class=\"has-custom-bleu-color has-text-color wp-block-heading\">3. Propri\u00e9t\u00e9 intellectuelle<\/h6>\n\n\n\n<p class=\"has-custom-bleu-color has-text-color\">Les noms, marques ou encore logos pr\u00e9sents sur ce site sont d\u00e9pos\u00e9s par leurs propri\u00e9taires respectifs. Les sources mentionn\u00e9es conservent leurs droits.<\/p>\n\n\n\n<p class=\"has-custom-bleu-color has-text-color\">Le logo et tous les contenus du site Le P&rsquo;tit Bain (textes, images, etc.) font l&rsquo;objet d&rsquo;une protection par le Code de la propri\u00e9t\u00e9 intellectuelle et plus particuli\u00e8rement par le droit d&rsquo;auteur.<\/p>\n\n\n\n<p class=\"has-custom-bleu-color has-text-color\">L&rsquo;Utilisateur doit solliciter l&rsquo;autorisation pr\u00e9alable du responsable de production avant toute reproduction, publication ou copie des diff\u00e9rents contenus. L&rsquo;Utilisateur s&rsquo;engage \u00e0 une utilisation des contenus du site dans un cadre strictement priv\u00e9, toute utilisation \u00e0 des fins commerciales et publicitaires est strictement interdite. Il est rappel\u00e9 que l&rsquo;Utilisateur qui reproduit, copie ou publie le contenu prot\u00e9g\u00e9 doit citer l&rsquo;auteur et sa source.<\/p>\n\n\n\n<p class=\"has-custom-bleu-color has-text-color\">Toute repr\u00e9sentation totale ou partielle de ce site par quelque proc\u00e9d\u00e9 que ce soit, sans l&rsquo;autorisation expresse du responsable de publication constituerait une contrefa\u00e7on sanctionn\u00e9e par l&rsquo;article L 335-2 du Code de la propri\u00e9t\u00e9 intellectuelle.<\/p>\n\n\n\n<div style=\"height:10px\" aria-hidden=\"true\" class=\"wp-block-spacer\"><\/div>\n\n\n\n<h6 class=\"has-custom-bleu-color has-text-color wp-block-heading\">4. Responsabilit\u00e9<\/h6>\n\n\n\n<p class=\"has-custom-bleu-color has-text-color\">Les sources des informations diffus\u00e9es sur le site Le P&rsquo;tit Bain sont r\u00e9put\u00e9es fiables mais le site ne garantit pas qu&rsquo;elles soient exemptes de d\u00e9fauts d&rsquo;erreurs ou d&rsquo;omissions.<\/p>\n\n\n\n<p class=\"has-custom-bleu-color has-text-color\">Le P&rsquo;tit Bain ne peut \u00eatre tenu pour responsable d&rsquo;\u00e9ventuels virus qui pourraient infecter l&rsquo;ordinateur ou tout mat\u00e9riel informatique de l&rsquo;Utilisateur, suite \u00e0 une utilisation, \u00e0 l&rsquo;acc\u00e8s ou au t\u00e9l\u00e9chargement provenant de ce site.<\/p>\n\n\n\n<p class=\"has-custom-bleu-color has-text-color\">La responsabilit\u00e9 du site ne peut \u00eatre engag\u00e9e en cas de force majeure ou du fait impr\u00e9visible et insurmontable d&rsquo;un tiers.<\/p>\n\n\n\n<div style=\"height:10px\" aria-hidden=\"true\" class=\"wp-block-spacer\"><\/div>\n\n\n\n<h6 class=\"has-custom-bleu-color has-text-color wp-block-heading\">5. Liens Hypertextes<\/h6>\n\n\n\n<p class=\"has-custom-bleu-color has-text-color\">Le site Le P&rsquo;tit Bain peut contenir des liens hypertextes qui redirigent l&rsquo;Utilisateur en dehors du domaine initial.<\/p>\n\n\n\n<p class=\"has-custom-bleu-color has-text-color\">Le P&rsquo;tit Bain n&rsquo;ayant pas de contr\u00f4le sur les pages web sur lesquelles aboutissent ces liens et il ne saurait, en aucun cas, \u00eatre responsable de leur contenu.<\/p>\n\n\n\n<div style=\"height:10px\" aria-hidden=\"true\" class=\"wp-block-spacer\"><\/div>\n\n\n\n<h6 class=\"has-custom-bleu-color has-text-color wp-block-heading\">6. Gestion des cookies<\/h6>\n\n\n\n<p class=\"has-custom-bleu-color has-text-color\">L&rsquo;Utilisateur est inform\u00e9 qu&rsquo;un cookie peut s&rsquo;installer automatiquement  sur le logiciel de navigation lorsqu&rsquo;il visite Le P&rsquo;tit Bain. Cette rubrique a pour but de vous donner la mani\u00e8re dont ces cookies sont utilis\u00e9s, la raison pour laquelle nous les utilisons et la mani\u00e8re dont vous pouvez les param\u00e9trer.<\/p>\n\n\n\n<p class=\"has-custom-bleu-color has-text-color\">Les traceurs num\u00e9riques, g\u00e9n\u00e9ralement rassembl\u00e9s sous le terme de \u00ab cookies \u00bb, d\u00e9signent \u00ab des informations stock\u00e9es dans (un) \u00e9quipement terminal de communication \u00e9lectronique \u00bb qui sont d\u00e9pos\u00e9es \u00e0 l\u2019occasion de la navigation sur un terminal utilisateur (selon l&rsquo;article 32 II de la Loi Informatiques et Libert\u00e9s). <\/p>\n\n\n\n<p class=\"has-custom-bleu-color has-text-color\">Les cookies ne contiennent pas d&rsquo;informations personnelles et ne peuvent donc pas \u00eatre utilis\u00e9s pour identifier quelqu&rsquo;un.<\/p>\n\n\n\n<p class=\"has-custom-bleu-color has-text-color\">Vous pouvez param\u00e9trer depuis votre navigateur vos cookies pour qu&rsquo;ils soient bloqu\u00e9s ou \u00e0 l&rsquo;inverse autoris\u00e9. Nous vous informons n\u00e9anmoins que si vous choisissez de d\u00e9sactiver tous les cookies, il est possible que certaines pages du site soit susceptible de ne pas fonctionner.<\/p>\n\n\n\n<p class=\"has-custom-bleu-color has-text-color\">Pour param\u00e9trer vos cookies depuis votre navigateur, veuillez vous orienter vers la page d&rsquo;aide de celui-ci :<\/p>\n\n\n\n<ul class=\"has-link-color wp-block-list wp-elements-8747775d89dadd347e69b3935b6a1a6b\">\n<li><a href=\"https:\/\/support.google.com\/chrome\/answer\/95647?hl=fr&amp;p=cpn_cookies\" data-type=\"URL\" data-id=\"https:\/\/support.google.com\/chrome\/answer\/95647?hl=fr&amp;p=cpn_cookies\">Google Chrome<\/a><\/li>\n\n\n\n<li><a href=\"https:\/\/support.mozilla.org\/fr\/kb\/protection-renforcee-contre-pistage-firefox-ordinateur?redirectslug=activer-desactiver-cookies&amp;redirectlocale=fr\" data-type=\"URL\" data-id=\"https:\/\/support.mozilla.org\/fr\/kb\/protection-renforcee-contre-pistage-firefox-ordinateur?redirectslug=activer-desactiver-cookies&amp;redirectlocale=fr\">Mozilla Firefox<\/a><\/li>\n\n\n\n<li><a href=\"https:\/\/support.apple.com\/fr-fr\/guide\/safari\/sfri11471\/mac\" data-type=\"URL\" data-id=\"https:\/\/support.apple.com\/fr-fr\/guide\/safari\/sfri11471\/mac\">Apple Safari<\/a><\/li>\n\n\n\n<li><a href=\"https:\/\/support.microsoft.com\/fr-fr\/windows\/supprimer-et-g%C3%A9rer-les-cookies-168dab11-0753-043d-7c16-ede5947fc64d\" data-type=\"URL\" data-id=\"https:\/\/support.microsoft.com\/fr-fr\/windows\/supprimer-et-g%C3%A9rer-les-cookies-168dab11-0753-043d-7c16-ede5947fc64d\">Microsoft Internet Explorer<\/a><\/li>\n\n\n\n<li><a href=\"https:\/\/support.microsoft.com\/fr-fr\/microsoft-edge\/supprimer-les-cookies-dans-microsoft-edge-63947406-40ac-c3b8-57b9-2a946a29ae09\" data-type=\"URL\" data-id=\"https:\/\/support.microsoft.com\/fr-fr\/microsoft-edge\/supprimer-les-cookies-dans-microsoft-edge-63947406-40ac-c3b8-57b9-2a946a29ae09\">Microsoft Edge<\/a><\/li>\n\n\n\n<li><a href=\"https:\/\/help.opera.com\/en\/latest\/web-preferences\/#cookies\" data-type=\"URL\" data-id=\"https:\/\/help.opera.com\/en\/latest\/web-preferences\/#cookies\">Opera<\/a><\/li>\n<\/ul>\n\n\n\n<div style=\"height:10px\" aria-hidden=\"true\" class=\"wp-block-spacer\"><\/div>\n\n\n\n<h6 class=\"has-custom-bleu-color has-text-color wp-block-heading\">7. Mise \u00e0 jour et contact<\/h6>\n\n\n\n<p class=\"has-custom-bleu-color has-text-color\">Ces conditions g\u00e9n\u00e9rales d&rsquo;utilisation sont susceptibles d\u2019\u00e9voluer \u00e0 tout moment. Nous vous invitons \u00e0 les consulter r\u00e9guli\u00e8rement.<\/p>\n\n\n\n<p class=\"has-custom-bleu-color has-text-color\">Pour toutes questions relatives \u00e0 ces CGU, veuillez nous contacter<mark style=\"background-color:rgba(0, 0, 0, 0)\" class=\"has-inline-color has-custom-rouge-color\"> <\/mark>par mail \u00e0 l&rsquo;adresse suivante : <strong>anais.guimard@croix-rouge.fr<\/strong><\/p>\n\n\n\n<div style=\"height:10px\" aria-hidden=\"true\" class=\"wp-block-spacer\"><\/div>\n\n\n\n<p class=\"has-custom-bleu-color has-text-color\"><em>Derni\u00e8re modification\u00a0: 17\/03\/2023.<\/em><\/p>\n","protected":false},"excerpt":{"rendered":"<p>1. Objet et champ d&rsquo;application Les conditions g\u00e9n\u00e9rales d&rsquo;utilisation du projet Le P&rsquo;tit Bain ont pour objectif l&rsquo;encadrement juridique des modalit\u00e9s de mise \u00e0 disposition&#8230;<\/p>\n","protected":false},"author":1,"featured_media":0,"parent":0,"menu_order":0,"comment_status":"closed","ping_status":"closed","template":"","meta":{"footnotes":""},"class_list":["post-313","page","type-page","status-publish","hentry"],"_links":{"self":[{"href":"https:\/\/www.leptitbain.org\/index.php?rest_route=\/wp\/v2\/pages\/313","targetHints":{"allow":["GET"]}}],"collection":[{"href":"https:\/\/www.leptitbain.org\/index.php?rest_route=\/wp\/v2\/pages"}],"about":[{"href":"https:\/\/www.leptitbain.org\/index.php?rest_route=\/wp\/v2\/types\/page"}],"author":[{"embeddable":true,"href":"https:\/\/www.leptitbain.org\/index.php?rest_route=\/wp\/v2\/users\/1"}],"replies":[{"embeddable":true,"href":"https:\/\/www.leptitbain.org\/index.php?rest_route=%2Fwp%2Fv2%2Fcomments&post=313"}],"version-history":[{"count":7,"href":"https:\/\/www.leptitbain.org\/index.php?rest_route=\/wp\/v2\/pages\/313\/revisions"}],"predecessor-version":[{"id":421,"href":"https:\/\/www.leptitbain.org\/index.php?rest_route=\/wp\/v2\/pages\/313\/revisions\/421"}],"wp:attachment":[{"href":"https:\/\/www.leptitbain.org\/index.php?rest_route=%2Fwp%2Fv2%2Fmedia&parent=313"}],"curies":[{"name":"wp","href":"https:\/\/api.w.org\/{rel}","templated":true}]}}

Conditions générales d&rsquo;utilisation

<h6 class="has-custom-bleu-color has-text-color wp-block-heading">1. Objet et champ d&rsquo;application</h6>



<p class="has-custom-bleu-color has-text-color">Les conditions générales d&rsquo;utilisation du projet Le P&rsquo;tit Bain ont pour objectif l&rsquo;encadrement juridique des modalités de mise à disposition de son site et de ces services ainsi que la définition des conditions d&rsquo;accès et d&rsquo;utilisation des services par « l&rsquo;Utilisateur ».</p>



<div style="height:10px" aria-hidden="true" class="wp-block-spacer"></div>



<h6 class="has-custom-bleu-color has-text-color wp-block-heading">2. Accès au site </h6>



<p class="has-custom-bleu-color has-text-color">Le site Le P&rsquo;tit Bain permet à l&rsquo;Utilisateur un accès gratuit aux services suivants :</p>



<ul class="has-custom-bleu-color has-text-color wp-block-list">
<li>La présentation globale du projet</li>



<li>Les présentations de nos associations partenaires et de leurs immersions</li>



<li>Des formulaires d&rsquo;inscriptions aux immersions proposées</li>
</ul>



<p class="has-custom-bleu-color has-text-color">Le site est accessible gratuitement à tout Utilisateur ayant un accès à Internet. </p>



<p class="has-custom-bleu-color has-text-color">Tous les frais supportés par l&rsquo;Utilisateur pour accéder au service (matériel informatique, logiciels, connexion Internet, etc.) sont à sa charge.</p>



<div style="height:10px" aria-hidden="true" class="wp-block-spacer"></div>



<h6 class="has-custom-bleu-color has-text-color wp-block-heading">3. Propriété intellectuelle</h6>



<p class="has-custom-bleu-color has-text-color">Les noms, marques ou encore logos présents sur ce site sont déposés par leurs propriétaires respectifs. Les sources mentionnées conservent leurs droits.</p>



<p class="has-custom-bleu-color has-text-color">Le logo et tous les contenus du site Le P&rsquo;tit Bain (textes, images, etc.) font l&rsquo;objet d&rsquo;une protection par le Code de la propriété intellectuelle et plus particulièrement par le droit d&rsquo;auteur.</p>



<p class="has-custom-bleu-color has-text-color">L&rsquo;Utilisateur doit solliciter l&rsquo;autorisation préalable du responsable de production avant toute reproduction, publication ou copie des différents contenus. L&rsquo;Utilisateur s&rsquo;engage à une utilisation des contenus du site dans un cadre strictement privé, toute utilisation à des fins commerciales et publicitaires est strictement interdite. Il est rappelé que l&rsquo;Utilisateur qui reproduit, copie ou publie le contenu protégé doit citer l&rsquo;auteur et sa source.</p>



<p class="has-custom-bleu-color has-text-color">Toute représentation totale ou partielle de ce site par quelque procédé que ce soit, sans l&rsquo;autorisation expresse du responsable de publication constituerait une contrefaçon sanctionnée par l&rsquo;article L 335-2 du Code de la propriété intellectuelle.</p>



<div style="height:10px" aria-hidden="true" class="wp-block-spacer"></div>



<h6 class="has-custom-bleu-color has-text-color wp-block-heading">4. Responsabilité</h6>



<p class="has-custom-bleu-color has-text-color">Les sources des informations diffusées sur le site Le P&rsquo;tit Bain sont réputées fiables mais le site ne garantit pas qu&rsquo;elles soient exemptes de défauts d&rsquo;erreurs ou d&rsquo;omissions.</p>



<p class="has-custom-bleu-color has-text-color">Le P&rsquo;tit Bain ne peut être tenu pour responsable d&rsquo;éventuels virus qui pourraient infecter l&rsquo;ordinateur ou tout matériel informatique de l&rsquo;Utilisateur, suite à une utilisation, à l&rsquo;accès ou au téléchargement provenant de ce site.</p>



<p class="has-custom-bleu-color has-text-color">La responsabilité du site ne peut être engagée en cas de force majeure ou du fait imprévisible et insurmontable d&rsquo;un tiers.</p>



<div style="height:10px" aria-hidden="true" class="wp-block-spacer"></div>



<h6 class="has-custom-bleu-color has-text-color wp-block-heading">5. Liens Hypertextes</h6>



<p class="has-custom-bleu-color has-text-color">Le site Le P&rsquo;tit Bain peut contenir des liens hypertextes qui redirigent l&rsquo;Utilisateur en dehors du domaine initial.</p>



<p class="has-custom-bleu-color has-text-color">Le P&rsquo;tit Bain n&rsquo;ayant pas de contrôle sur les pages web sur lesquelles aboutissent ces liens et il ne saurait, en aucun cas, être responsable de leur contenu.</p>



<div style="height:10px" aria-hidden="true" class="wp-block-spacer"></div>



<h6 class="has-custom-bleu-color has-text-color wp-block-heading">6. Gestion des cookies</h6>



<p class="has-custom-bleu-color has-text-color">L&rsquo;Utilisateur est informé qu&rsquo;un cookie peut s&rsquo;installer automatiquement  sur le logiciel de navigation lorsqu&rsquo;il visite Le P&rsquo;tit Bain. Cette rubrique a pour but de vous donner la manière dont ces cookies sont utilisés, la raison pour laquelle nous les utilisons et la manière dont vous pouvez les paramétrer.</p>



<p class="has-custom-bleu-color has-text-color">Les traceurs numériques, généralement rassemblés sous le terme de « cookies », désignent « des informations stockées dans (un) équipement terminal de communication électronique » qui sont déposées à l’occasion de la navigation sur un terminal utilisateur (selon l&rsquo;article 32 II de la Loi Informatiques et Libertés). </p>



<p class="has-custom-bleu-color has-text-color">Les cookies ne contiennent pas d&rsquo;informations personnelles et ne peuvent donc pas être utilisés pour identifier quelqu&rsquo;un.</p>



<p class="has-custom-bleu-color has-text-color">Vous pouvez paramétrer depuis votre navigateur vos cookies pour qu&rsquo;ils soient bloqués ou à l&rsquo;inverse autorisé. Nous vous informons néanmoins que si vous choisissez de désactiver tous les cookies, il est possible que certaines pages du site soit susceptible de ne pas fonctionner.</p>



<p class="has-custom-bleu-color has-text-color">Pour paramétrer vos cookies depuis votre navigateur, veuillez vous orienter vers la page d&rsquo;aide de celui-ci :</p>



<ul class="has-link-color wp-block-list wp-elements-8747775d89dadd347e69b3935b6a1a6b">
<li><a href="https://support.google.com/chrome/answer/95647?hl=fr&amp;p=cpn_cookies" data-type="URL" data-id="https://support.google.com/chrome/answer/95647?hl=fr&amp;p=cpn_cookies">Google Chrome</a></li>



<li><a href="https://support.mozilla.org/fr/kb/protection-renforcee-contre-pistage-firefox-ordinateur?redirectslug=activer-desactiver-cookies&amp;redirectlocale=fr" data-type="URL" data-id="https://support.mozilla.org/fr/kb/protection-renforcee-contre-pistage-firefox-ordinateur?redirectslug=activer-desactiver-cookies&amp;redirectlocale=fr">Mozilla Firefox</a></li>



<li><a href="https://support.apple.com/fr-fr/guide/safari/sfri11471/mac" data-type="URL" data-id="https://support.apple.com/fr-fr/guide/safari/sfri11471/mac">Apple Safari</a></li>



<li><a href="https://support.microsoft.com/fr-fr/windows/supprimer-et-g%C3%A9rer-les-cookies-168dab11-0753-043d-7c16-ede5947fc64d" data-type="URL" data-id="https://support.microsoft.com/fr-fr/windows/supprimer-et-g%C3%A9rer-les-cookies-168dab11-0753-043d-7c16-ede5947fc64d">Microsoft Internet Explorer</a></li>



<li><a href="https://support.microsoft.com/fr-fr/microsoft-edge/supprimer-les-cookies-dans-microsoft-edge-63947406-40ac-c3b8-57b9-2a946a29ae09" data-type="URL" data-id="https://support.microsoft.com/fr-fr/microsoft-edge/supprimer-les-cookies-dans-microsoft-edge-63947406-40ac-c3b8-57b9-2a946a29ae09">Microsoft Edge</a></li>



<li><a href="https://help.opera.com/en/latest/web-preferences/#cookies" data-type="URL" data-id="https://help.opera.com/en/latest/web-preferences/#cookies">Opera</a></li>
</ul>



<div style="height:10px" aria-hidden="true" class="wp-block-spacer"></div>



<h6 class="has-custom-bleu-color has-text-color wp-block-heading">7. Mise à jour et contact</h6>



<p class="has-custom-bleu-color has-text-color">Ces conditions générales d&rsquo;utilisation sont susceptibles d’évoluer à tout moment. Nous vous invitons à les consulter régulièrement.</p>



<p class="has-custom-bleu-color has-text-color">Pour toutes questions relatives à ces CGU, veuillez nous contacter<mark style="background-color:rgba(0, 0, 0, 0)" class="has-inline-color has-custom-rouge-color"> </mark>par mail à l&rsquo;adresse suivante : <strong>anais.guimard@croix-rouge.fr</strong></p>



<div style="height:10px" aria-hidden="true" class="wp-block-spacer"></div>



<p class="has-custom-bleu-color has-text-color"><em>Dernière modification : 17/03/2023.</em></p>

<p>1. Objet et champ d&rsquo;application Les conditions générales d&rsquo;utilisation du projet Le P&rsquo;tit Bain ont pour objectif l&rsquo;encadrement juridique des modalités de mise à disposition&#8230;</p>
